se 8, what is -771532 + -34?
-771566
In base 11, what is -1 + -323?
-324
In base 13, what is -144 - -b5?
-5c
In base 8, what is -7 - -20106?
20077
In base 7, what is 5 + -21020?
-21012
In base 5, what is -1242 + -23332?
-30124
In base 12, what is 2 - 148011?
-14800b
In base 2, what is 11 - -110011011011111011?
110011011011111110
In base 4, what is -2311131 + 10?
-2311121
In base 10, what is 4 - 4741?
-4737
In base 16, what is -214b5 - -4?
-214b1
In base 14, what is 860d + 5?
8614
In base 4, what is -2 + -31122?
-31130
In base 11, what is -25 - -169a3?
16979
In base 12, what is 5 - -101769?
101772
In base 4, what is -202120202 + -3?
-202120211
In base 4, what is -3102121 + 101?
-3102020
In base 16, what is 1 + -291?
-290
In base 14, what is 25b8dd + 3?
25b902
In base 12, what is 13810b - 2?
138109
In base 7, what is 20450 + 3?
20453
In base 7, what is -1 - -22042610?
22042606
In base 7, what is 2 - 6631614?
-6631612
In base 5, what is -14331 - 43?
-14424
In base 2, what is -1111100010100010 - -100100?
-1111100001111110
In base 6, what is 524341 + -1?
524340
In base 6, what is -5 - 3044032?
-3044041
In base 7, what is 26203 + -10?
26163
In base 5, what is 14331 - 11?
14320
In base 3, what is 1212201000 - -2022?
1212210022
In base 2, what is 10 + 10001101010010?
10001101010100
In base 5, what is -1 - -1214233?
1214232
In base 7, what is 6514 - 34?
6450
In base 14, what is 7 - -12871?
12878
In base 2, what is 100100101001101 - -101?
100100101010010
In base 5, what is 314 - -3303?
4122
In base 14, what is dd - d9d?
-ca0
In base 4, what is 111332002 - -10?
111332012
In base 13, what is 22157 - -1?
22158
In base 6, what is -2324 + -135?
-2503
In base 13, what is 2 - -2366b?
23670
In base 12, what is 0 + -2b3?
-2b3
In base 15, what is -1 + 3175?
3174
In base 16, what is 1 + -18c3?
-18c2
In base 14, what is 17a4 + 40b?
1bb1
In base 2, what is -10 - 100101000111100010?
-100101000111100100
In base 11, what is 37 - 16a82?
-16a46
In base 13, what is 7868 + 1?
7869
In base 15, what is -2 + -16bc?
-16be
In base 2, what is -10101101100010 + -1010?
-10101101101100
In base 7, what is -26006 - -1?
-26005
In base 6, what is -113313 - 21?
-113334
In base 10, what is 1126 + 144?
1270
In base 11, what is 22982 + -4?
22979
In base 14, what is -602 - -c4c?
64a
In base 8, what is 110 - 1526?
-1416
In base 10, what is 5 + -483812?
-483807
In base 4, what is -2 + 10031211?
10031203
In base 9, what is 1 - 75236?
-75235
In base 3, what is 100202 - 10002?
20200
In base 8, what is -1 + -53471?
-53472
In base 10, what is -4 - 36844?
-36848
In base 10, what is 0 - 27544?
-27544
In base 4, what is 3 - -1021011?
1021020
In base 4, what is 1 - 210223132?
-210223131
In base 10, what is 29430 + 82?
29512
In base 12, what is 577a - 80?
56ba
In base 15, what is -b926 + 2a?
-b8eb
In base 2, what is -1 + 11010011001101110?
11010011001101101
In base 11, what is -37441 + -2?
-37443
In base 2, what is -101 - 1110101101111?
-1110101110100
In base 2, what is -1111110011 - 11100010?
-10011010101
In base 15, what is 3 + -cce5?
-cce2
In base 12, what is 20868 - 1a?
2084a
In base 10, what is 238 + 2185?
2423
In base 3, what is -12121111111 - 1020?
-12121112201
In base 13, what is -40024 - 1?
-40025
In base 4, what is -1103 - -30333?
23230
In base 2, what is 101110000 + -1101111010010?
-1101001100010
In base 4, what is -231122 + -32303?
-330031
In base 4, what is -32 - -2323113?
2323021
In base 14, what is -981 - 126?
-aa7
In base 8, what is -161 - -1771?
1610
In base 10, what is 85 - 8545?
-8460
In base 5, what is -30344 - 30?
-30424
In base 15, what is -e45c - -4?
-e458
In base 6, what is -220045 - -2?
-220043
In base 4, what is 110 + -111301?
-111131
In base 15, what is 47d + 139?
5b7
In base 13, what is -120c7a + -3?
-120c80
In base 9, what is 277578 - -1?
277580
In base 3, what is 102 + -121011021001?
-121011020122
In base 8, what is 3246 + -142?
3104
In base 10, what is 75807 - 3?
75804
In base 2, what is -10011101011010010 + -1?
-10011101011010011
In base 5, what is 3111 + -20102?
-11441
In base 9, what is 242136 + 3?
242140
In base 7, what is 563125 - 2?
563123
In base 8, what is -25 + 515?
470
In base 10, what is 5 - 49116?
-49111
In base 16, what is -4fd + 18?
-4e5
In base 5, what is 2343102 - 2?
2343100
In base 6, what is 321 - -3024?
3345
In base 2, what is -1001000100 - 10001?
-1001010101
In base 8, what is 606544 + 1?
606545
In base 13, what is -1 + 27249?
27248
In base 11, what is 24098 + 13?
24100
In base 3, what is -110020102 + -1?
-110020110
In base 9, what is 44100 - 3?
44086
In base 6, what is -4 + 444234?
444230
In base 4, what is 2232101 + -2?
2232033
In base 16, what is 5e7 + 3c?
623
In base 12, what is 1 + 26895?
26896
In base 10, what is -4 + 14443?
14439
In base 6, what is -51 + 2420?
2325
In base 8, what is -5 + -55725?
-55732
In base 7, what is -42343 + 5?
-42335
In base 5, what is 3330 - -21004?
24334
In base 5, what is 3 - -131113322?
131113330
In base 9, what is -400783 + 4?
-400778
In base 4, what is -21020301020 - -10?
-21020301010
In base 11, what is -2550 - -2?
-2549
In base 4, what is 113221 + 2003?
121230
In base 3, what is 102202 + -10?
102122
In base 3, what is 100 - -102021121?
102021221
In base 6, what is -25 - -342155?
342130
In base 16, what is 5 + -532c?
-5327
In base 7, what is 4 + 46320?
46324
In base 6, what is -34303 + 130?
-34133
In base 9, what is -26868 - 1?
-26870
In base 12, what is 7036 + -12?
7024
In base 4, what is 2122 + 13101?
21223
In base 4, what is 121313322 - -22?
121320010
In base 3, what is -2002202111 - 12?
-2002202200
In base 3, what is -2001 + -22220?
-101221
In base 13, what is -788 + 2?
-786
In base 2, what is 11000 - -111000000?
111011000
In base 7, what is 12033 - 334?
11366
In base 9, what is -8441 - 47?
-8488
In base 13, what is 8 - -3696?
36a1
In base 8, what is -104 + -221520?
-221624
In base 12, what is 18b25 + 8?
18b31
In base 16, what is 0 - -124b98?
124b98
In base 10, what is -11 + 5230?
5219
In base 5, what is 1 - -3440201?
3440202
In base 10, what is 23 - -1028?
1051
In base 6, what is 20 + -3513452?
-3513432
In base 12, what is 56385 + 1?
56386
In base 2, what is 0 + 100001101011010001100?
100001101011010001100
In base 8, what is 0 - -165071?
165071
In base 15, what is -1d162 + 3?
-1d15e
In base 7, what is 42112 - 0?
42112
In base 8, what is -3515505 + 7?
-3515476
In base 16, what is 5 + -7eca?
-7ec5
In base 13, what is -177697 + 2?
-177695
In base 12, what is -58 - -1037?
b9b
In base 5, what is -12121 - -110?
-12011
In base 11, what is -10 - -20aa2?
20a92
In base 16, what is -1ac - -4b?
-161
In base 13, what is aa - 3c9?
-31c
In base 14, what is 22 + 5b54?
5b76
In base 16, what is -5 - 9b43?
-9b48
In base 15, what is -6979 + -4?
-697d
In base 3, what is -120212112 + 2?
-120212110
In base 5, what is 2 - 30322023?
-30322021
In base 15, what is 1 + 16974?
16975
In base 8, what is 23 + 123576?
123621
In base 16, what is 39f - -2c?
3cb
In base 4, what is -3 - 1001101033?
-1001101102
In base 15, what is 4300 + 5?
4305
In base 15, what is a - -3d0?
3da
In base 2, what is -110000100100 + -101000?
-110001001100
In base 10, what is 0 + -19269?
-19269
In base 10, what is -6348 + -45?
-6393
In base 11, what is 509 + -405?
104
In base 16, what is 3f + -47a?
-43b
In base 13, what is 698 - -1?
699
In base 15, what is -1e - -a8?
89
In base 9, what is -28 - 74703?
-74732
In base 2, what is 10001101 - -11000110000?
11010111101
In base 14, what is -d201 + 0?
-d201
In base 4, what is -13011120 + 321?
-13010133
In base 15, what is 1 - 3750?
-374e
In base 5, what is -1 + 101401000?
101400444
In base 13, what is 5149 - 4?
5145
In base 16, what is -b254 + -3?
-b257
In base 11, what is -401a - 0?
-401a
In base 13, what is -5 - -257ab?
257a6
In base 12, what is -132883 - 5?
-132888
In base 14, what is -9b + -10630?
-106cb
In base 16, what is 32b2 - 4e?
3264
In base 14, what is 33635 - -14?
33649
In base 15, what is 3 - cb9b?
-cb98
In base 14, what is 1b + -159a?
-157d
In base 7, what is -21 + 321646?
321625
In base 4, what is -2 - -110132011?
110132003
In base 11, what is 19369 - 11?
19358
In base 10, what is 2 + 2453?
2455
In base 12, what is 0 + -358a82?
-358a82
In base 8, what is 73 - 51103?
-51010
In base 7, what is -461063 + 2?
-